12)/(-3) + 0)*2. Let j = 251 + -195. What is the highest common factor of p and j?
8
Suppose -z + 1575 = 1535. Let u = 693 - 373. What is the greatest common factor of u and z?
40
Let z = -66 - -94. Suppose 3*w - z = 491. Suppose -2*g + w = -59. Calculate the highest common divisor of 29 and g.
29
Let v be 0 + 30 + 2 + 2. Calculate the greatest common divisor of v and 153.
17
Let j(h) = 11*h**2 - 5*h - 1. Let f be j(-1). What is the highest common divisor of 265 and f?
5
Let a(p) = -856*p**3 - p**2 - p + 2. Let v be a(1). Let f = -581 - v. Calculate the highest common divisor of f and 25.
25
Let a(t) = t - 5. Let d be a(-8). Let u(o) = -o**3 - 14*o**2 - 20*o - 16. Let h be u(d). Calculate the highest common divisor of h and 30.
15
Let a be (-2)/(-6) - (-969)/9. Let w = a + -73. Let g be (-2)/(4/(-10)) - 0. What is the greatest common divisor of g and w?
5
Suppose -4*y = v - 18, 0 = 3*y - v - 0*v - 10. Let x = -3 + y. Let s = -9 + 17. What is the greatest common factor of x and s?
1
Suppose 0 = -6*b + 38 + 10. Let a = -25 - -45. Calculate the greatest common factor of b and a.
4
Let q = 739 + -687. Calculate the highest common divisor of q and 221.
13
Let l = -213 + 507. Calculate the greatest common factor of 42 and l.
42
Let s = -726 + 894. What is the greatest common divisor of 84 and s?
84
Let z be (3 + -3)/(-3) - -3. Suppose -z*i = -2*w - 2*i - 123, -3*w - 3*i = 198. Let o = w + 133. What is the greatest common factor of 14 and o?
14
Suppose 7 = 3*i - 4*i. Let y = i + 31. What is the greatest common divisor of y and 12?
12
Let x be 7/(-49) - (5190/14)/(-5). What is the highest common factor of 518 and x?
74
Let y = 44 + -23. Let c(r) = -7*r**2 + 6*r - 1. Let z be c(2). Let w = 101 + z. What is the highest common divisor of y and w?
21
Let j = 121 + -51. Calculate the highest common divisor of j and 2170.
70
Suppose 3*t + t + 3*g = 35, 15 = -5*g. Let q(b) = -4*b**2 + 28*b - 13. Let f be q(6). Calculate the greatest common factor of f and t.
11
Let s(t) = -t**2 + 3*t + 23. Let u be s(8). Let w = u + 35. Let m be (-39)/(-2) + (-3)/2. What is the highest common divisor of m and w?
18
Let h(o) = -2*o + 12. Let f be h(5). Let w(s) = s**2 - 9*s + 7*s**f + 8*s. Let t be w(2). What is the greatest common factor of t and 45?
15
Let c(d) = 4*d**2 + 50*d + 10. Let j be c(-15). What is the greatest common divisor of 20 and j?
20
Let b be -2 - 1*(-4 + -64)/4. Suppose 2*o + 2*c - 39 = -o, -3*c - 24 = -o. Calculate the highest common factor of o and b.
15
Let x be (-1580)/(-2 - 8) + 10. Let z be 1/2 + (-82)/(-4). What is the greatest common divisor of x and z?
21
Let n be 4 + (-4 - -6)/((-2)/(-77)). What is the greatest common factor of 3 and n?
3
Let l(h) = 4*h**3 - h + 5. Let i be l(2). What is the greatest common factor of i and 15?
5
Suppose 2*z - 5*t + 115 = 0, -2*z - 29 - 92 = -3*t. Let y = -29 - z. Let s = 16 - 4. What is the greatest common factor of s and y?
12
Let x be (-4)/3*30/(-4). Let n = 965 + -950. What is the greatest common factor of n and x?
5
Let s be -4*13*(-4)/16. Suppose -4*y + 19 = f + y, -f + s = 3*y. Suppose 48 = -0*b + f*b. Calculate the highest common divisor of 30 and b.
6
Let a(p) = p + 1. Let j(k) = 6*k + 18. Let l(s) = 8*a(s) - j(s). Let n be l(7). Suppose n*b - b = 108. Calculate the highest common factor of 6 and b.
6
Let z = 1109 - -750. What is the highest common factor of z and 11?
11
Suppose 0 = -7*a + 30 + 19. What is the highest common factor of a and 63?
7
Suppose 5*w - 2*m = -50, 5*m = 3*w - 0*m + 30. Let r = 18 + w. Calculate the highest common divisor of 64 and r.
8
Let i = 129 - 63. Suppose 5*c + 0*j = -4*j + 46, -j = -c + 2. What is the highest common divisor of i and c?
6
Suppose -4*w = 52 - 4. Let y be w/24 + (-22)/(-4). Suppose -y*a = -509 + 69. What is the highest common factor of 8 and a?
8
Suppose 7*p - 47 = 198. Let c(j) = -j + 9. Let t be c(5). Suppose 2*v - m = 15, 0*v + 5*m - 23 = -t*v. Calculate the greatest common divisor of v and p.
7
Let v = 166 + -16. Let t = -30 + v. Let u = 2250 - 2238. What is the highest common divisor of u and t?
12
Let n be (3*1)/((-15)/(-170)). Let j be (6/(-4))/((-3)/(5 - -97)). Calculate the highest common divisor of j and n.
17
Let l = -821 - -864. Calculate the greatest common factor of 43 and l.
43
Let a(u) = u**2 + 5*u + 4. Let m be a(-9). Suppose 0 = 6*o - 8*o + m. Calculate the highest common divisor of o and 30.
10
Let x be (260/(-30) - -8)*-18. Calculate the highest common factor of x and 12.
12
Suppose -33 = 2*z - 129. What is the greatest common factor of z and 592?
16
Suppose -9*j = -37*j + 112. What is the greatest common factor of 20 and j?
4
Let v = 19 + -11. Let w be (-76)/(-10) - (-6)/15. What is the highest common factor of v and w?
8
Let j = -37 - -46. Suppose -3*b = -2*r - 8*b - 18, 3*r + j = -3*b. Calculate the highest common factor of r and 4.
1
Let m(l) = 5*l**2 + 16*l + 27. Let c be m(-3). Calculate the greatest common factor of 174 and c.
6
Let l be (-1649)/(-11) - 12/(-132). Calculate the highest common divisor of l and 90.
30
Let y = 22 + 11. Calculate the greatest common divisor of y and 319.
11
Let h be 62/5 - 102/(-170). Suppose -162 - 111 = -3*j. Calculate the highest common factor of h and j.
13
Let r = 32 - 17. Let u = r + 16. Let h = 41 - u. Calculate the highest common divisor of h and 25.
5
Suppose 0*q - 672 = -4*q. Let o = 70 - 111. Let d = o + 62. Calculate the highest common factor of d and q.
21
Let a(b) = 82*b + 2. Let d(m) = -155*m - 4. Let h(n) = -11*a(n) - 6*d(n). Let w = -1 + 2. Let u be h(w). Calculate the highest common factor of u and 10.
10
Let d = -132 + 207. Let a be d + 1 - (6 + -2). Suppose -a = -3*j - 3*j. Calculate the highest common factor of j and 48.
12
Suppose 480 = -8*r + 12*r. Calculate the highest common factor of 40 and r.
40
Let o(k) = k**2 - k + 1. Let a be o(0). Let f be (a - -1) + -1 + 9. Let h(l) = 10*l - 10. Let u be h(2). What is the greatest common factor of u and f?
10
Suppose 568 = 4*a - 3*b + b, 0 = -3*a - 5*b + 452. Calculate the greatest common factor of 372 and a.
12
Suppose 2*m + 58 = 3*m. Let j = -22 + m. Suppose 2*u + 5*q = 38, 0*u + 3*q = 3*u - j. Calculate the highest common factor of u and 70.
14
Let c be -4 - 1*(-4 + 0). Suppose c = 4*u - 2*q + 50, q - 59 = 4*u - 4. Let o = u - -25. What is the highest common divisor of o and 2?
2
Suppose 9 = -3*o, 0 = -2*b - 3*o - 2*o - 9. What is the highest common factor of b and 12?
3
Let c = -68 - -277. Calculate the highest common factor of 19 and c.
19
Suppose -186*r + 195*r = 540. Suppose -5*t = b - 170, 5*b + 0*t = 2*t + 742. Calculate the greatest common divisor of b and r.
30
Let f be 4644/108 - ((1 - 0) + 0). Suppose 189 = 3*s - 0*s. Let l = f + s. What is the highest common divisor of 42 and l?
21
Let k = 1066 + -1024. What is the greatest common divisor of 231 and k?
21
Let w be ((-6)/4)/(2/4). Let h = -3 - w. Suppose q + b = -h*q + 14, -q + 2*b + 2 = 0. Calculate the highest common factor of 5 and q.
5
Suppose 0*k - 14 = -k. Let v be (3 + -10)*(-11 + 1). What is the highest common divisor of k and v?
14
Suppose 3*y - 441 = -129. Let m = 357 + -505. Let r = 174 + m. Calculate the highest common factor of y and r.
26
Suppose 6*r = -2*x + r + 13, 4*x - 38 = 2*r. Calculate the highest common divisor of x and 468.
9
Suppose 15*y = 10*y + 715. What is the greatest common factor of 22 and y?
11
Suppose -5938 = 5*s - x, 214 = s + 2*x + 1395. Let g = -813 - s. What is the greatest common divisor of g and 34?
34
Let c = -135 - -143. Let p = 127 + c. Suppose 9 = -3*u, -i + 2*u = -u - 24. What is the highest common factor of p and i?
15
Suppose z - 3*j = 32, z = -3*z - j + 63. Suppose -22 = -4*v + 3*i, 0*v - 5*i = v - z. Suppose 34 = 65*w - 31*w. What is the highest common divisor of w and v?
1
Suppose m - 598 = -400. What is the greatest common factor of 495 and m?
99
Let n = 3 - 9. Let o = n - 2. Let l be (-19)/((-23)/o + -3). Calculate the highest common factor of 19 and l.
19
Let m be 1*2 - (-117)/9. Suppose m + 57 = 2*n. Let a(u) = u**3 + 8*u**2 + 6*u + 2. Let c be a(-7). What is the highest common factor of n and c?
9
Let p = 362 + -357. Let j(x) be the second derivative of x**3/6 - x**2/2 - x. Let w be j(p). Calculate the greatest common fa